{"id":827,"date":"2022-07-05T15:06:23","date_gmt":"2022-07-05T18:06:23","guid":{"rendered":"http:\/\/www.sintatica.com.br\/asilo\/?page_id=827"},"modified":"2022-07-05T15:06:23","modified_gmt":"2022-07-05T18:06:23","slug":"capela","status":"publish","type":"page","link":"http:\/\/asilosaovicente.org.br\/site\/capela\/","title":{"rendered":"Capela"},"content":{"rendered":"\n<div style=\"height:50px\" aria-hidden=\"true\" class=\"wp-block-spacer\"><\/div>\n\n\n\n<h1 class=\"wp-block-heading\">Capela do Asilo<\/h1>\n\n\n\n<div style=\"height:20px\" aria-hidden=\"true\" class=\"wp-block-spacer\"><\/div>\n\n\n\n<p>O atendimento na capela do Asilo S\u00e3o Vicente de Paulo voltou a ser realizado atrav\u00e9s de agendamento e respeitando nosso r\u00edgido protocolo interno <br>de preven\u00e7\u00e3o \u00e0 COVID-19.<\/p>\n\n\n\n<p>Para agendar, ligue: (41) 3313-5353.<\/p>\n\n\n<p><em>Foto panor\u00e2mica em 360\u00b0<\/em><\/p>\n<div class=\"panorama360\" style=\"height: 350px; margin-bottom: 20px;\"><div class=\"panorama-view\" data-mousewheel=\"false\"><div class=\"panorama-container\"><img decoding=\"async\" src=\"http:\/\/asilosaovicente.org.br\/site\/wp-content\/uploads\/2022\/08\/panoramica-capela2-scaled-2.jpg\" data-width=\"2560\" data-height=\"314\" alt=\"\" \/><\/div><\/div><\/div>\n\n\n<div style=\"height:100px\" aria-hidden=\"true\" class=\"wp-block-spacer\"><\/div>\n","protected":false},"excerpt":{"rendered":"<p>Capela do Asilo O atendimento na capela do Asilo S\u00e3o Vicente de Paulo voltou a ser realizado atrav\u00e9s de agendamento e respeitando nosso r\u00edgido protocolo interno de preven\u00e7\u00e3o \u00e0 COVID-19. Para agendar, ligue: (41) 3313-5353. Foto panor\u00e2mica em 360\u00b0<\/p>\n","protected":false},"author":1,"featured_media":0,"parent":0,"menu_order":0,"comment_status":"closed","ping_status":"closed","template":"","meta":{"footnotes":""},"class_list":["post-827","page","type-page","status-publish","hentry"],"uagb_featured_image_src":{"full":false,"thumbnail":false,"medium":false,"medium_large":false,"large":false,"1536x1536":false,"2048x2048":false},"uagb_author_info":{"display_name":"Asilo adm","author_link":"http:\/\/asilosaovicente.org.br\/site\/author\/asilo-adm\/"},"uagb_comment_info":0,"uagb_excerpt":"Capela do Asilo O atendimento na capela do Asilo S\u00e3o Vicente de Paulo voltou a ser realizado atrav\u00e9s de agendamento e respeitando nosso r\u00edgido protocolo interno de preven\u00e7\u00e3o \u00e0 COVID-19. Para agendar, ligue: (41) 3313-5353. Foto panor\u00e2mica em 360\u00b0","_links":{"self":[{"href":"http:\/\/asilosaovicente.org.br\/site\/wp-json\/wp\/v2\/pages\/827","targetHints":{"allow":["GET"]}}],"collection":[{"href":"http:\/\/asilosaovicente.org.br\/site\/wp-json\/wp\/v2\/pages"}],"about":[{"href":"http:\/\/asilosaovicente.org.br\/site\/wp-json\/wp\/v2\/types\/page"}],"author":[{"embeddable":true,"href":"http:\/\/asilosaovicente.org.br\/site\/wp-json\/wp\/v2\/users\/1"}],"replies":[{"embeddable":true,"href":"http:\/\/asilosaovicente.org.br\/site\/wp-json\/wp\/v2\/comments?post=827"}],"version-history":[{"count":0,"href":"http:\/\/asilosaovicente.org.br\/site\/wp-json\/wp\/v2\/pages\/827\/revisions"}],"wp:attachment":[{"href":"http:\/\/asilosaovicente.org.br\/site\/wp-json\/wp\/v2\/media?parent=827"}],"curies":[{"name":"wp","href":"https:\/\/api.w.org\/{rel}","templated":true}]}}

<div style="height:50px" aria-hidden="true" class="wp-block-spacer"></div>



<h1 class="wp-block-heading">Capela do Asilo</h1>



<div style="height:20px" aria-hidden="true" class="wp-block-spacer"></div>



<p>O atendimento na capela do Asilo São Vicente de Paulo voltou a ser realizado através de agendamento e respeitando nosso rígido protocolo interno <br>de prevenção à COVID-19.</p>



<p>Para agendar, ligue: (41) 3313-5353.</p>


<p><em>Foto panorâmica em 360°</em></p>
<div class="panorama360" style="height: 350px; margin-bottom: 20px;"><div class="panorama-view" data-mousewheel="false"><div class="panorama-container"><img decoding="async" src="http://asilosaovicente.org.br/site/wp-content/uploads/2022/08/panoramica-capela2-scaled-2.jpg" data-width="2560" data-height="314" alt="" /></div></div></div>


<div style="height:100px" aria-hidden="true" class="wp-block-spacer"></div>

<p>Capela do Asilo O atendimento na capela do Asilo São Vicente de Paulo voltou a ser realizado através de agendamento e respeitando nosso rígido protocolo interno de prevenção à COVID-19. Para agendar, ligue: (41) 3313-5353. Foto panorâmica em 360°</p>

Capela do Asilo O atendimento na capela do Asilo São Vicente de Paulo voltou a ser realizado através de agendamento e respeitando nosso rígido protocolo interno de prevenção à COVID-19. Para agendar, ligue: (41) 3313-5353. Foto panorâmica em 360°
