{"id":829,"date":"2022-07-05T15:07:53","date_gmt":"2022-07-05T18:07:53","guid":{"rendered":"http:\/\/www.sintatica.com.br\/asilo\/?page_id=829"},"modified":"2025-08-12T08:45:33","modified_gmt":"2025-08-12T11:45:33","slug":"bazar","status":"publish","type":"page","link":"http:\/\/asilosaovicente.org.br\/site\/bazar\/","title":{"rendered":"Bazar"},"content":{"rendered":"\n<div style=\"height:50px\" aria-hidden=\"true\" class=\"wp-block-spacer\"><\/div>\n\n\n\n<h1 class=\"wp-block-heading\">Bazar<\/h1>\n\n\n\n<div style=\"height:20px\" aria-hidden=\"true\" class=\"wp-block-spacer\"><\/div>\n\n\n\n<section class=\"wp-block-uagb-columns uagb-columns__wrap uagb-columns__background-undefined uagb-columns__stack-mobile uagb-columns__valign-undefined uagb-columns__gap-10 alignundefined uagb-block-a51f96f9\"><div class=\"uagb-columns__overlay\"><\/div><div class=\"uagb-columns__inner-wrap uagb-columns__columns-2\">\n<div class=\"wp-block-uagb-column uagb-column__wrap uagb-column__background-undefined uagb-block-f964b6f6\"><div class=\"uagb-column__overlay\"><\/div><div class=\"uagb-column__inner-wrap\">\n<p>No bazar comercializamos itens de vestu\u00e1rio doados pela comunidade com renda revertida para os custos de manuten\u00e7\u00e3o da casa.<\/p>\n\n\n\n<p>O bazar atende de ter\u00e7a a quinta-feira, mediante agendamento.<\/p>\n\n\n\n<p><em>Rua S\u00e3o Vicente, 100, Juvev\u00ea \u2013 Curitiba-PR<\/em><br>(41) 3313-5353<\/p>\n<\/div><\/div>\n\n\n\n<div class=\"wp-block-uagb-column uagb-column__wrap uagb-column__background-undefined uagb-block-eb0e5f1c\"><div class=\"uagb-column__overlay\"><\/div><div class=\"uagb-column__inner-wrap\">\n<figure class=\"wp-block-image size-full\"><img loading=\"lazy\" decoding=\"async\" width=\"947\" height=\"861\" src=\"http:\/\/asilosaovicente.org.br\/site\/wp-content\/uploads\/2022\/08\/idosa4-1.png\" alt=\"\" class=\"wp-image-1241\" srcset=\"http:\/\/asilosaovicente.org.br\/site\/wp-content\/uploads\/2022\/08\/idosa4-1.png 947w, http:\/\/asilosaovicente.org.br\/site\/wp-content\/uploads\/2022\/08\/idosa4-1-300x273.png 300w, http:\/\/asilosaovicente.org.br\/site\/wp-content\/uploads\/2022\/08\/idosa4-1-768x698.png 768w\" sizes=\"auto, (max-width: 947px) 100vw, 947px\" \/><\/figure>\n<\/div><\/div>\n<\/div><\/section>\n","protected":false},"excerpt":{"rendered":"<p>Bazar<\/p>\n","protected":false},"author":1,"featured_media":0,"parent":0,"menu_order":0,"comment_status":"closed","ping_status":"closed","template":"","meta":{"footnotes":""},"class_list":["post-829","page","type-page","status-publish","hentry"],"uagb_featured_image_src":{"full":false,"thumbnail":false,"medium":false,"medium_large":false,"large":false,"1536x1536":false,"2048x2048":false},"uagb_author_info":{"display_name":"Asilo adm","author_link":"http:\/\/asilosaovicente.org.br\/site\/author\/asilo-adm\/"},"uagb_comment_info":0,"uagb_excerpt":"Bazar","_links":{"self":[{"href":"http:\/\/asilosaovicente.org.br\/site\/wp-json\/wp\/v2\/pages\/829","targetHints":{"allow":["GET"]}}],"collection":[{"href":"http:\/\/asilosaovicente.org.br\/site\/wp-json\/wp\/v2\/pages"}],"about":[{"href":"http:\/\/asilosaovicente.org.br\/site\/wp-json\/wp\/v2\/types\/page"}],"author":[{"embeddable":true,"href":"http:\/\/asilosaovicente.org.br\/site\/wp-json\/wp\/v2\/users\/1"}],"replies":[{"embeddable":true,"href":"http:\/\/asilosaovicente.org.br\/site\/wp-json\/wp\/v2\/comments?post=829"}],"version-history":[{"count":7,"href":"http:\/\/asilosaovicente.org.br\/site\/wp-json\/wp\/v2\/pages\/829\/revisions"}],"predecessor-version":[{"id":1578,"href":"http:\/\/asilosaovicente.org.br\/site\/wp-json\/wp\/v2\/pages\/829\/revisions\/1578"}],"wp:attachment":[{"href":"http:\/\/asilosaovicente.org.br\/site\/wp-json\/wp\/v2\/media?parent=829"}],"curies":[{"name":"wp","href":"https:\/\/api.w.org\/{rel}","templated":true}]}}

<div style="height:50px" aria-hidden="true" class="wp-block-spacer"></div>



<h1 class="wp-block-heading">Bazar</h1>



<div style="height:20px" aria-hidden="true" class="wp-block-spacer"></div>



<section class="wp-block-uagb-columns uagb-columns__wrap uagb-columns__background-undefined uagb-columns__stack-mobile uagb-columns__valign-undefined uagb-columns__gap-10 alignundefined uagb-block-a51f96f9"><div class="uagb-columns__overlay"></div><div class="uagb-columns__inner-wrap uagb-columns__columns-2">
<div class="wp-block-uagb-column uagb-column__wrap uagb-column__background-undefined uagb-block-f964b6f6"><div class="uagb-column__overlay"></div><div class="uagb-column__inner-wrap">
<p>No bazar comercializamos itens de vestuário doados pela comunidade com renda revertida para os custos de manutenção da casa.</p>



<p>O bazar atende de terça a quinta-feira, mediante agendamento.</p>



<p><em>Rua São Vicente, 100, Juvevê – Curitiba-PR</em><br>(41) 3313-5353</p>
</div></div>



<div class="wp-block-uagb-column uagb-column__wrap uagb-column__background-undefined uagb-block-eb0e5f1c"><div class="uagb-column__overlay"></div><div class="uagb-column__inner-wrap">
<figure class="wp-block-image size-full"><img loading="lazy" decoding="async" width="947" height="861" src="http://asilosaovicente.org.br/site/wp-content/uploads/2022/08/idosa4-1.png" alt="" class="wp-image-1241" srcset="http://asilosaovicente.org.br/site/wp-content/uploads/2022/08/idosa4-1.png 947w, http://asilosaovicente.org.br/site/wp-content/uploads/2022/08/idosa4-1-300x273.png 300w, http://asilosaovicente.org.br/site/wp-content/uploads/2022/08/idosa4-1-768x698.png 768w" sizes="auto, (max-width: 947px) 100vw, 947px" /></figure>
</div></div>
</div></section>
