{"id":859,"date":"2022-07-07T15:28:29","date_gmt":"2022-07-07T18:28:29","guid":{"rendered":"http:\/\/www.sintatica.com.br\/asilo\/?page_id=859"},"modified":"2022-07-07T15:28:29","modified_gmt":"2022-07-07T18:28:29","slug":"notaparana","status":"publish","type":"page","link":"http:\/\/asilosaovicente.org.br\/site\/notaparana\/","title":{"rendered":"Nota Paran\u00e1"},"content":{"rendered":"\n<div style=\"height:50px\" aria-hidden=\"true\" class=\"wp-block-spacer\"><\/div>\n\n\n\n<h1 class=\"wp-block-heading\">Nota Paran\u00e1<\/h1>\n\n\n\n<div style=\"height:20px\" aria-hidden=\"true\" class=\"wp-block-spacer\"><\/div>\n\n\n\n<p><strong>Doe seu cupom fiscal sem CPF<\/strong><br><br>Com essa atitude voc\u00ea ajuda no Asilo na compra de alimentos, produtos de higiene e materiais para atividades com as idosas.<br><br>Voc\u00ea pode doar de diferentes formas:<br><\/p>\n\n\n\n<p>1 \u2013 Acesse sua conta no Nota Paran\u00e1 via site <a href=\"http:\/\/www.notaparana.pr.gov.br\">www.notaparana.pr.gov.br<\/a> ou pelo aplicativo Nota Paran\u00e1.<\/p>\n\n\n\n<p>2 \u2013 Localize a op\u00e7\u00e3o \u201cMinha Doa\u00e7\u00e3o\u201d -&gt; e clique no bot\u00e3o \u201cdoar notas\u201d e ent\u00e3o escolha a entidade mantenedora de nosso asilo: A\u00e7\u00e3o Social do Paran\u00e1 ou digite o CNPJ 76.712.918\/0001-25.<\/p>\n\n\n\n<p>3 \u2013 Digite a chave ou use o leitor de QR Code (via app) para doar a nota <\/p>\n\n\n\n<p>ou<br><br>Tire uma foto bem n\u00edtida da nota ou cupom fiscal sem CPF e envie para nosso whatsapp<br>41 98490-0170.<br><em>Prazo m\u00e1ximo de 20 dias da compra.<\/em><\/p>\n\n\n\n<p>ou<\/p>\n\n\n\n<p>Pessoalmente \u2013 Traga sua NF diretamente ao Asilo S\u00e3o Vicente de Paulo<br>Rua S\u00e3o Vicente, 100 \u2013 Juvev\u00ea (Curitiba-PR) ou leve a algum de nossos Pontos de Coleta.<br><em>Prazo m\u00e1ximo de 20 dias da compra.<\/em><br><br><strong>Importante:<\/strong><br>H\u00e1 um prazo de 30 dias para que as notas sejam cadastradas!<br><br><strong>Estamos \u00e0 disposi\u00e7\u00e3o para qualquer d\u00favida:<\/strong><br>Fone: (41) 3330-6200<br><br><br>Seja um parceiro! Coloque uma urna personalizada em seu estabelecimento.<br><\/p>\n\n\n\n<div style=\"height:100px\" aria-hidden=\"true\" class=\"wp-block-spacer\"><\/div>\n","protected":false},"excerpt":{"rendered":"<p>Nota Paran\u00e1 Doe seu cupom fiscal sem CPF Com essa atitude voc\u00ea ajuda no Asilo na compra de alimentos, produtos de higiene e materiais para atividades com as idosas. Voc\u00ea pode doar de diferentes formas: 1 \u2013 Acesse sua conta no Nota Paran\u00e1 via site www.notaparana.pr.gov.br ou pelo aplicativo Nota Paran\u00e1. 2 \u2013 Localize a &hellip;<\/p>\n<p class=\"read-more\"> <a class=\"\" href=\"http:\/\/asilosaovicente.org.br\/site\/notaparana\/\"> <span class=\"screen-reader-text\">Nota Paran\u00e1<\/span> Leia mais &raquo;<\/a><\/p>\n","protected":false},"author":1,"featured_media":0,"parent":0,"menu_order":0,"comment_status":"closed","ping_status":"closed","template":"","meta":{"footnotes":""},"class_list":["post-859","page","type-page","status-publish","hentry"],"uagb_featured_image_src":{"full":false,"thumbnail":false,"medium":false,"medium_large":false,"large":false,"1536x1536":false,"2048x2048":false},"uagb_author_info":{"display_name":"Asilo adm","author_link":"http:\/\/asilosaovicente.org.br\/site\/author\/asilo-adm\/"},"uagb_comment_info":0,"uagb_excerpt":"Nota Paran\u00e1 Doe seu cupom fiscal sem CPF Com essa atitude voc\u00ea ajuda no Asilo na compra de alimentos, produtos de higiene e materiais para atividades com as idosas. Voc\u00ea pode doar de diferentes formas: 1 \u2013 Acesse sua conta no Nota Paran\u00e1 via site www.notaparana.pr.gov.br ou pelo aplicativo Nota Paran\u00e1. 2 \u2013 Localize a&hellip;","_links":{"self":[{"href":"http:\/\/asilosaovicente.org.br\/site\/wp-json\/wp\/v2\/pages\/859","targetHints":{"allow":["GET"]}}],"collection":[{"href":"http:\/\/asilosaovicente.org.br\/site\/wp-json\/wp\/v2\/pages"}],"about":[{"href":"http:\/\/asilosaovicente.org.br\/site\/wp-json\/wp\/v2\/types\/page"}],"author":[{"embeddable":true,"href":"http:\/\/asilosaovicente.org.br\/site\/wp-json\/wp\/v2\/users\/1"}],"replies":[{"embeddable":true,"href":"http:\/\/asilosaovicente.org.br\/site\/wp-json\/wp\/v2\/comments?post=859"}],"version-history":[{"count":0,"href":"http:\/\/asilosaovicente.org.br\/site\/wp-json\/wp\/v2\/pages\/859\/revisions"}],"wp:attachment":[{"href":"http:\/\/asilosaovicente.org.br\/site\/wp-json\/wp\/v2\/media?parent=859"}],"curies":[{"name":"wp","href":"https:\/\/api.w.org\/{rel}","templated":true}]}}

Nota Paraná

<div style="height:50px" aria-hidden="true" class="wp-block-spacer"></div>



<h1 class="wp-block-heading">Nota Paraná</h1>



<div style="height:20px" aria-hidden="true" class="wp-block-spacer"></div>



<p><strong>Doe seu cupom fiscal sem CPF</strong><br><br>Com essa atitude você ajuda no Asilo na compra de alimentos, produtos de higiene e materiais para atividades com as idosas.<br><br>Você pode doar de diferentes formas:<br></p>



<p>1 – Acesse sua conta no Nota Paraná via site <a href="http://www.notaparana.pr.gov.br">www.notaparana.pr.gov.br</a> ou pelo aplicativo Nota Paraná.</p>



<p>2 – Localize a opção “Minha Doação” -&gt; e clique no botão “doar notas” e então escolha a entidade mantenedora de nosso asilo: Ação Social do Paraná ou digite o CNPJ 76.712.918/0001-25.</p>



<p>3 – Digite a chave ou use o leitor de QR Code (via app) para doar a nota </p>



<p>ou<br><br>Tire uma foto bem nítida da nota ou cupom fiscal sem CPF e envie para nosso whatsapp<br>41 98490-0170.<br><em>Prazo máximo de 20 dias da compra.</em></p>



<p>ou</p>



<p>Pessoalmente – Traga sua NF diretamente ao Asilo São Vicente de Paulo<br>Rua São Vicente, 100 – Juvevê (Curitiba-PR) ou leve a algum de nossos Pontos de Coleta.<br><em>Prazo máximo de 20 dias da compra.</em><br><br><strong>Importante:</strong><br>Há um prazo de 30 dias para que as notas sejam cadastradas!<br><br><strong>Estamos à disposição para qualquer dúvida:</strong><br>Fone: (41) 3330-6200<br><br><br>Seja um parceiro! Coloque uma urna personalizada em seu estabelecimento.<br></p>



<div style="height:100px" aria-hidden="true" class="wp-block-spacer"></div>

<p>Nota Paraná Doe seu cupom fiscal sem CPF Com essa atitude você ajuda no Asilo na compra de alimentos, produtos de higiene e materiais para atividades com as idosas. Você pode doar de diferentes formas: 1 – Acesse sua conta no Nota Paraná via site www.notaparana.pr.gov.br ou pelo aplicativo Nota Paraná. 2 – Localize a &hellip;</p>
<p class="read-more"> <a class="" href="http://asilosaovicente.org.br/site/notaparana/"> <span class="screen-reader-text">Nota Paraná</span> Leia mais &raquo;</a></p>

Nota Paraná Doe seu cupom fiscal sem CPF Com essa atitude você ajuda no Asilo na compra de alimentos, produtos de higiene e materiais para atividades com as idosas. Você pode doar de diferentes formas: 1 – Acesse sua conta no Nota Paraná via site www.notaparana.pr.gov.br ou pelo aplicativo Nota Paraná. 2 – Localize a&hellip;
