{"id":880,"date":"2022-07-08T11:10:11","date_gmt":"2022-07-08T14:10:11","guid":{"rendered":"http:\/\/www.sintatica.com.br\/asilo\/?page_id=880"},"modified":"2026-03-16T14:47:37","modified_gmt":"2026-03-16T17:47:37","slug":"impostoderenda","status":"publish","type":"page","link":"http:\/\/asilosaovicente.org.br\/site\/impostoderenda\/","title":{"rendered":"Doa\u00e7\u00f5es pelo Imposto de Renda"},"content":{"rendered":"\n<div style=\"height:50px\" aria-hidden=\"true\" class=\"wp-block-spacer\"><\/div>\n\n\n\n<h1 class=\"wp-block-heading\">Doa\u00e7\u00f5es pelo Imposto de Renda<\/h1>\n\n\n\n<p>Ao realizar sua declara\u00e7\u00e3o do Imposto de Renda, apoie os Projetos da A\u00e7\u00e3o Social do Paran\u00e1, destinando at\u00e9 3% do seu imposto a pagar<\/p>\n\n\n\n<h3 class=\"wp-block-heading\"><br><strong>Projetos do Asilo S\u00e3o Vicente de Paulo<\/strong><\/h3>\n\n\n\n<p><\/p>\n\n\n\n<section class=\"wp-block-uagb-columns uagb-columns__wrap uagb-columns__background-undefined uagb-columns__stack-mobile uagb-columns__valign-undefined uagb-columns__gap-10 alignundefined uagb-block-796d2266\"><div class=\"uagb-columns__overlay\"><\/div><div class=\"uagb-columns__inner-wrap uagb-columns__columns-2\">\n<div class=\"wp-block-uagb-column uagb-column__wrap uagb-column__background-undefined uagb-block-72ab62de\"><div class=\"uagb-column__overlay\"><\/div><div class=\"uagb-column__inner-wrap\">\n<figure class=\"wp-block-image size-full\"><img loading=\"lazy\" decoding=\"async\" width=\"400\" height=\"400\" src=\"http:\/\/asilosaovicente.org.br\/site\/wp-content\/uploads\/2024\/08\/icone-acolhendo-com-amor.png\" alt=\"\" class=\"wp-image-1534\" srcset=\"http:\/\/asilosaovicente.org.br\/site\/wp-content\/uploads\/2024\/08\/icone-acolhendo-com-amor.png 400w, http:\/\/asilosaovicente.org.br\/site\/wp-content\/uploads\/2024\/08\/icone-acolhendo-com-amor-300x300.png 300w, http:\/\/asilosaovicente.org.br\/site\/wp-content\/uploads\/2024\/08\/icone-acolhendo-com-amor-150x150.png 150w\" sizes=\"auto, (max-width: 400px) 100vw, 400px\" \/><\/figure>\n<\/div><\/div>\n\n\n\n<div class=\"wp-block-uagb-column uagb-column__wrap uagb-column__background-undefined uagb-block-69ad8a86\"><div class=\"uagb-column__overlay\"><\/div><div class=\"uagb-column__inner-wrap\">\n<p><strong>CUIDAR: UM ATO DE AMOR QUE N\u00c3O ENVELHECE<\/strong><br>O projeto da A\u00e7\u00e3o Social do Paran\u00e1, realizado no Asilo S\u00e3o Vicente de Paulo, garante acolhimento institucional para 150 idosas em situa\u00e7\u00e3o de risco e vulnerabilidade social em Curitiba. S\u00e3o mulheres que tiveram seus v\u00ednculos familiares rompidos e encontram na institui\u00e7\u00e3o n\u00e3o apenas moradia, mas tamb\u00e9m prote\u00e7\u00e3o, sa\u00fade, alimenta\u00e7\u00e3o de qualidade, atividades culturais e lazer, apoio psicol\u00f3gico e cuidados integrais de uma equipe multidisciplinar. Para manter esse atendimento 24 horas por dia, \u00e9 necess\u00e1ria a capta\u00e7\u00e3o de recursos que financiem profissionais, medicamentos, materiais de consumo e servi\u00e7os essenciais. Aqui, sua contribui\u00e7\u00e3o via destina\u00e7\u00e3o do Imposto de Renda faz toda a diferen\u00e7a: sem gastar nada al\u00e9m do que j\u00e1 seria pago ao governo, voc\u00ea pode transformar vidas e garantir dignidade, cidadania e qualidade de vida a quem mais precisa.<\/p>\n<\/div><\/div>\n<\/div><\/section>\n\n\n\n<p><\/p>\n\n\n\n<p><\/p>\n\n\n\n<p><strong>Como apoiar os projetos:<\/strong><\/p>\n\n\n\n<p>Fa\u00e7a a doa\u00e7\u00e3o diretamente pelo Programa de Declara\u00e7\u00e3o da Receita Federal \u2013 IRPF. Ap\u00f3s inserir as suas informa\u00e7\u00f5es e observar que possui imposto a pagar (Declara\u00e7\u00e3o Completa):<\/p>\n\n\n\n<p><\/p>\n\n\n\n<ol style=\"list-style-type:1\" class=\"wp-block-list\">\n<li>Clique em \u201cDoa\u00e7\u00f5es Diretamente na declara\u00e7\u00e3o \u2013 IDOSO\u201d.<\/li>\n\n\n\n<li>Selecione o \u201cFundo Municipal, na Op\u00e7\u00e3o UF selecione PR-Paran\u00e1, e no munic\u00edpio \u201cCuritiba\u201d.<\/li>\n\n\n\n<li>Informe o valor de doa\u00e7\u00e3o conforme o seu \u201cPOTENCIAL\u201d, que aparecer\u00e1 no canto direito superior da tela.<\/li>\n\n\n\n<li>O seu DARF estar\u00e1 no campo \u201cIMPRIMIR\u201d.<\/li>\n\n\n\n<li>Efetue o pagamento do DARF de doa\u00e7\u00f5es at\u00e9 o final de maio.<\/li>\n\n\n\n<li>Envie a c\u00f3pia do&nbsp;<strong>DARF&nbsp;<\/strong>e o&nbsp;<strong>comprovante de pagamento&nbsp;<\/strong>para o e-mail&nbsp;<strong>projetosocial@aspr.org.br.<\/strong>&nbsp;*Esse passo \u00e9 fundamental para que possamos solicitar \u00e0 FAS o direcionamento da sua doa\u00e7\u00e3o aos nossos projetos.<\/li>\n<\/ol>\n\n\n\n<p><br><br><br><strong>Estamos \u00e0 disposi\u00e7\u00e3o para esclarecimento de qualquer d\u00favida<\/strong><br>Telefone: (41) 98490-0170 | projetosocial@aspr.org.br<\/p>\n\n\n\n<p><\/p>\n\n\n\n<p><\/p>\n","protected":false},"excerpt":{"rendered":"<p>Doa\u00e7\u00f5es pelo Imposto de Renda Ao realizar sua declara\u00e7\u00e3o do Imposto de Renda, apoie os Projetos da A\u00e7\u00e3o Social do Paran\u00e1, destinando at\u00e9 3% do seu imposto a pagar Projetos do Asilo S\u00e3o Vicente de Paulo Como apoiar os projetos: Fa\u00e7a a doa\u00e7\u00e3o diretamente pelo Programa de Declara\u00e7\u00e3o da Receita Federal \u2013 IRPF. Ap\u00f3s inserir &hellip;<\/p>\n<p class=\"read-more\"> <a class=\"\" href=\"http:\/\/asilosaovicente.org.br\/site\/impostoderenda\/\"> <span class=\"screen-reader-text\">Doa\u00e7\u00f5es pelo Imposto de Renda<\/span> Leia mais &raquo;<\/a><\/p>\n","protected":false},"author":1,"featured_media":0,"parent":0,"menu_order":0,"comment_status":"closed","ping_status":"closed","template":"","meta":{"footnotes":""},"class_list":["post-880","page","type-page","status-publish","hentry"],"uagb_featured_image_src":{"full":false,"thumbnail":false,"medium":false,"medium_large":false,"large":false,"1536x1536":false,"2048x2048":false},"uagb_author_info":{"display_name":"Asilo adm","author_link":"http:\/\/asilosaovicente.org.br\/site\/author\/asilo-adm\/"},"uagb_comment_info":0,"uagb_excerpt":"Doa\u00e7\u00f5es pelo Imposto de Renda Ao realizar sua declara\u00e7\u00e3o do Imposto de Renda, apoie os Projetos da A\u00e7\u00e3o Social do Paran\u00e1, destinando at\u00e9 3% do seu imposto a pagar Projetos do Asilo S\u00e3o Vicente de Paulo Como apoiar os projetos: Fa\u00e7a a doa\u00e7\u00e3o diretamente pelo Programa de Declara\u00e7\u00e3o da Receita Federal \u2013 IRPF. Ap\u00f3s inserir&hellip;","_links":{"self":[{"href":"http:\/\/asilosaovicente.org.br\/site\/wp-json\/wp\/v2\/pages\/880","targetHints":{"allow":["GET"]}}],"collection":[{"href":"http:\/\/asilosaovicente.org.br\/site\/wp-json\/wp\/v2\/pages"}],"about":[{"href":"http:\/\/asilosaovicente.org.br\/site\/wp-json\/wp\/v2\/types\/page"}],"author":[{"embeddable":true,"href":"http:\/\/asilosaovicente.org.br\/site\/wp-json\/wp\/v2\/users\/1"}],"replies":[{"embeddable":true,"href":"http:\/\/asilosaovicente.org.br\/site\/wp-json\/wp\/v2\/comments?post=880"}],"version-history":[{"count":40,"href":"http:\/\/asilosaovicente.org.br\/site\/wp-json\/wp\/v2\/pages\/880\/revisions"}],"predecessor-version":[{"id":1594,"href":"http:\/\/asilosaovicente.org.br\/site\/wp-json\/wp\/v2\/pages\/880\/revisions\/1594"}],"wp:attachment":[{"href":"http:\/\/asilosaovicente.org.br\/site\/wp-json\/wp\/v2\/media?parent=880"}],"curies":[{"name":"wp","href":"https:\/\/api.w.org\/{rel}","templated":true}]}}

Doações pelo Imposto de Renda

<div style="height:50px" aria-hidden="true" class="wp-block-spacer"></div>



<h1 class="wp-block-heading">Doações pelo Imposto de Renda</h1>



<p>Ao realizar sua declaração do Imposto de Renda, apoie os Projetos da Ação Social do Paraná, destinando até 3% do seu imposto a pagar</p>



<h3 class="wp-block-heading"><br><strong>Projetos do Asilo São Vicente de Paulo</strong></h3>



<p></p>



<section class="wp-block-uagb-columns uagb-columns__wrap uagb-columns__background-undefined uagb-columns__stack-mobile uagb-columns__valign-undefined uagb-columns__gap-10 alignundefined uagb-block-796d2266"><div class="uagb-columns__overlay"></div><div class="uagb-columns__inner-wrap uagb-columns__columns-2">
<div class="wp-block-uagb-column uagb-column__wrap uagb-column__background-undefined uagb-block-72ab62de"><div class="uagb-column__overlay"></div><div class="uagb-column__inner-wrap">
<figure class="wp-block-image size-full"><img loading="lazy" decoding="async" width="400" height="400" src="http://asilosaovicente.org.br/site/wp-content/uploads/2024/08/icone-acolhendo-com-amor.png" alt="" class="wp-image-1534" srcset="http://asilosaovicente.org.br/site/wp-content/uploads/2024/08/icone-acolhendo-com-amor.png 400w, http://asilosaovicente.org.br/site/wp-content/uploads/2024/08/icone-acolhendo-com-amor-300x300.png 300w, http://asilosaovicente.org.br/site/wp-content/uploads/2024/08/icone-acolhendo-com-amor-150x150.png 150w" sizes="auto, (max-width: 400px) 100vw, 400px" /></figure>
</div></div>



<div class="wp-block-uagb-column uagb-column__wrap uagb-column__background-undefined uagb-block-69ad8a86"><div class="uagb-column__overlay"></div><div class="uagb-column__inner-wrap">
<p><strong>CUIDAR: UM ATO DE AMOR QUE NÃO ENVELHECE</strong><br>O projeto da Ação Social do Paraná, realizado no Asilo São Vicente de Paulo, garante acolhimento institucional para 150 idosas em situação de risco e vulnerabilidade social em Curitiba. São mulheres que tiveram seus vínculos familiares rompidos e encontram na instituição não apenas moradia, mas também proteção, saúde, alimentação de qualidade, atividades culturais e lazer, apoio psicológico e cuidados integrais de uma equipe multidisciplinar. Para manter esse atendimento 24 horas por dia, é necessária a captação de recursos que financiem profissionais, medicamentos, materiais de consumo e serviços essenciais. Aqui, sua contribuição via destinação do Imposto de Renda faz toda a diferença: sem gastar nada além do que já seria pago ao governo, você pode transformar vidas e garantir dignidade, cidadania e qualidade de vida a quem mais precisa.</p>
</div></div>
</div></section>



<p></p>



<p></p>



<p><strong>Como apoiar os projetos:</strong></p>



<p>Faça a doação diretamente pelo Programa de Declaração da Receita Federal – IRPF. Após inserir as suas informações e observar que possui imposto a pagar (Declaração Completa):</p>



<p></p>



<ol style="list-style-type:1" class="wp-block-list">
<li>Clique em “Doações Diretamente na declaração – IDOSO”.</li>



<li>Selecione o “Fundo Municipal, na Opção UF selecione PR-Paraná, e no município “Curitiba”.</li>



<li>Informe o valor de doação conforme o seu “POTENCIAL”, que aparecerá no canto direito superior da tela.</li>



<li>O seu DARF estará no campo “IMPRIMIR”.</li>



<li>Efetue o pagamento do DARF de doações até o final de maio.</li>



<li>Envie a cópia do&nbsp;<strong>DARF&nbsp;</strong>e o&nbsp;<strong>comprovante de pagamento&nbsp;</strong>para o e-mail&nbsp;<strong>projetosocial@aspr.org.br.</strong>&nbsp;*Esse passo é fundamental para que possamos solicitar à FAS o direcionamento da sua doação aos nossos projetos.</li>
</ol>



<p><br><br><br><strong>Estamos à disposição para esclarecimento de qualquer dúvida</strong><br>Telefone: (41) 98490-0170 | projetosocial@aspr.org.br</p>



<p></p>



<p></p>

<p>Doações pelo Imposto de Renda Ao realizar sua declaração do Imposto de Renda, apoie os Projetos da Ação Social do Paraná, destinando até 3% do seu imposto a pagar Projetos do Asilo São Vicente de Paulo Como apoiar os projetos: Faça a doação diretamente pelo Programa de Declaração da Receita Federal – IRPF. Após inserir &hellip;</p>
<p class="read-more"> <a class="" href="http://asilosaovicente.org.br/site/impostoderenda/"> <span class="screen-reader-text">Doações pelo Imposto de Renda</span> Leia mais &raquo;</a></p>

Doações pelo Imposto de Renda Ao realizar sua declaração do Imposto de Renda, apoie os Projetos da Ação Social do Paraná, destinando até 3% do seu imposto a pagar Projetos do Asilo São Vicente de Paulo Como apoiar os projetos: Faça a doação diretamente pelo Programa de Declaração da Receita Federal – IRPF. Após inserir&hellip;
