{"id":965,"date":"2022-08-11T10:02:13","date_gmt":"2022-08-11T13:02:13","guid":{"rendered":"http:\/\/www.sintatica.com.br\/asilo\/?page_id=965"},"modified":"2022-11-03T20:31:11","modified_gmt":"2022-11-03T23:31:11","slug":"sobre-a-mantenedora","status":"publish","type":"page","link":"http:\/\/asilosaovicente.org.br\/site\/sobre-a-mantenedora\/","title":{"rendered":"Sobre a Mantenedora"},"content":{"rendered":"\n<div style=\"height:50px\" aria-hidden=\"true\" class=\"wp-block-spacer\"><\/div>\n\n\n\n<h1 class=\"wp-block-heading\">Sobre a Mantenedora<\/h1>\n\n\n\n<div style=\"height:20px\" aria-hidden=\"true\" class=\"wp-block-spacer\"><\/div>\n\n\n\n<section class=\"wp-block-uagb-columns uagb-columns__wrap uagb-columns__background-undefined uagb-columns__stack-mobile uagb-columns__valign-undefined uagb-columns__gap-10 alignundefined uagb-block-bdc442a6\"><div class=\"uagb-columns__overlay\"><\/div><div class=\"uagb-columns__inner-wrap uagb-columns__columns-2\">\n<div class=\"wp-block-uagb-column uagb-column__wrap uagb-column__background-undefined uagb-block-64655cfd\"><div class=\"uagb-column__overlay\"><\/div><div class=\"uagb-column__inner-wrap\">\n<p>O&nbsp;Asilo S\u00e3o Vicente de Paulo \u00e9 atualmente mantido pela&nbsp;<strong>A\u00e7\u00e3o Social do Paran\u00e1<\/strong>, institui\u00e7\u00e3o que atua desde 1944 nos eixos da Assist\u00eancia Social, da Educa\u00e7\u00e3o e da Seguran\u00e7a Alimentar e Nutricional.<\/p>\n\n\n\n<p>A ASP sempre foi protagonista de movimentos de transforma\u00e7\u00e3o social, mobilizando a sociedade para o alcance de uma vida mais digna para todos. Ela prosseguiu com suas atividades, mobilizando, capacitando e apoiando os diferentes atores do trabalho social. Destacam-se em sua hist\u00f3ria o compromisso com o profissionalismo, a participa\u00e7\u00e3o popular e a implementa\u00e7\u00e3o de a\u00e7\u00f5es concretas para a transforma\u00e7\u00e3o social. Atualmente a ASP \u00e9 coordenada pelo Pe. Jos\u00e9 Aparecido Pinto e toma como base para a sua atua\u00e7\u00e3o as diretrizes das Pol\u00edticas P\u00fablicas.<\/p>\n\n\n\n<p><strong>\u2022 MISS\u00c3O<\/strong><br>Realizar trabalho social com fam\u00edlias em situa\u00e7\u00e3o de vulnerabilidade e risco social em parceria <br>com a rede s\u00f3cio-assistencial, atrav\u00e9s de a\u00e7\u00f5es que visam resgatar a dignidade humana e a <br>cidadania plena, respeitando o meio ambiente.<\/p>\n\n\n\n<p><strong>\u2022 VIS\u00c3O<\/strong><br>Ser refer\u00eancia estadual e nacional em desenvolvimento solid\u00e1rio e sustent\u00e1vel.<\/p>\n\n\n\n<p><strong>\u2022 VALORES<\/strong><br>\u00c9tica, respeito, transpar\u00eancia, solidariedade, fraternidade e cultura da paz.<\/p>\n\n\n\n<div class=\"wp-block-uagb-marketing-button uagb-marketing-btn__outer-wrap uagb-marketing-btn__align-left uagb-marketing-btn__align-text-center uagb-marketing-btn__icon-before uagb-block-5f22c41a\"><div class=\"uagb-marketing-btn__wrap\"><a href=\"http:\/\/www.aspr.org.br\/\" class=\"uagb-marketing-btn__link\" target=\"\" rel=\"noopener noreferrer\"><div class=\"uagb-marketing-btn__title-wrap\"><div class=\"uagb-marketing-btn__icon-wrap\"><svg xmlns=\"http:\/\/www.w3.org\/2000\/svg\" viewBox=\"0 0 640 512\"><path d=\"M624 416H381.54c-.74 19.81-14.71 32-32.74 32H288c-18.69 0-33.02-17.47-32.77-32H16c-8.8 0-16 7.2-16 16v16c0 35.2 28.8 64 64 64h512c35.2 0 64-28.8 64-64v-16c0-8.8-7.2-16-16-16zM576 48c0-26.4-21.6-48-48-48H112C85.6 0 64 21.6 64 48v336h512V48zm-64 272H128V64h384v256z\"><\/path><\/svg><\/div><h6 class=\"uagb-marketing-btn__title\">Site institucional da A\u00e7\u00e3o Social do Paran\u00e1<\/h6><\/div><div class=\"uagb-marketing-btn__prefix-wrap\"><p class=\"uagb-marketing-btn__prefix\"><\/p><\/div><\/a><\/div><\/div>\n\n\n\n<div style=\"height:30px\" aria-hidden=\"true\" class=\"wp-block-spacer\"><\/div>\n<\/div><\/div>\n\n\n\n<div class=\"wp-block-uagb-column uagb-column__wrap uagb-column__background-undefined uagb-block-57ab5d89\"><div class=\"uagb-column__overlay\"><\/div><div class=\"uagb-column__inner-wrap\">\n<figure class=\"wp-block-image alignright size-full\"><img loading=\"lazy\" decoding=\"async\" width=\"190\" height=\"185\" src=\"http:\/\/asilosaovicente.org.br\/site\/wp-content\/uploads\/2022\/11\/asp.png\" alt=\"\" class=\"wp-image-1307\"\/><\/figure>\n\n\n\n<div style=\"height:120px\" aria-hidden=\"true\" class=\"wp-block-spacer\"><\/div>\n\n\n\n<figure class=\"wp-block-image size-full\"><img loading=\"lazy\" decoding=\"async\" width=\"767\" height=\"877\" src=\"http:\/\/asilosaovicente.org.br\/site\/wp-content\/uploads\/2022\/08\/idosa6-1.png\" alt=\"\" class=\"wp-image-1265\" srcset=\"http:\/\/asilosaovicente.org.br\/site\/wp-content\/uploads\/2022\/08\/idosa6-1.png 767w, http:\/\/asilosaovicente.org.br\/site\/wp-content\/uploads\/2022\/08\/idosa6-1-262x300.png 262w\" sizes=\"auto, (max-width: 767px) 100vw, 767px\" \/><\/figure>\n<\/div><\/div>\n<\/div><\/section>\n","protected":false},"excerpt":{"rendered":"<p>Sobre a Mantenedora<\/p>\n","protected":false},"author":1,"featured_media":0,"parent":0,"menu_order":0,"comment_status":"closed","ping_status":"closed","template":"","meta":{"footnotes":""},"class_list":["post-965","page","type-page","status-publish","hentry"],"uagb_featured_image_src":{"full":false,"thumbnail":false,"medium":false,"medium_large":false,"large":false,"1536x1536":false,"2048x2048":false},"uagb_author_info":{"display_name":"Asilo adm","author_link":"http:\/\/asilosaovicente.org.br\/site\/author\/asilo-adm\/"},"uagb_comment_info":0,"uagb_excerpt":"Sobre a Mantenedora","_links":{"self":[{"href":"http:\/\/asilosaovicente.org.br\/site\/wp-json\/wp\/v2\/pages\/965","targetHints":{"allow":["GET"]}}],"collection":[{"href":"http:\/\/asilosaovicente.org.br\/site\/wp-json\/wp\/v2\/pages"}],"about":[{"href":"http:\/\/asilosaovicente.org.br\/site\/wp-json\/wp\/v2\/types\/page"}],"author":[{"embeddable":true,"href":"http:\/\/asilosaovicente.org.br\/site\/wp-json\/wp\/v2\/users\/1"}],"replies":[{"embeddable":true,"href":"http:\/\/asilosaovicente.org.br\/site\/wp-json\/wp\/v2\/comments?post=965"}],"version-history":[{"count":1,"href":"http:\/\/asilosaovicente.org.br\/site\/wp-json\/wp\/v2\/pages\/965\/revisions"}],"predecessor-version":[{"id":1308,"href":"http:\/\/asilosaovicente.org.br\/site\/wp-json\/wp\/v2\/pages\/965\/revisions\/1308"}],"wp:attachment":[{"href":"http:\/\/asilosaovicente.org.br\/site\/wp-json\/wp\/v2\/media?parent=965"}],"curies":[{"name":"wp","href":"https:\/\/api.w.org\/{rel}","templated":true}]}}